{"id":4334,"date":"2025-05-29T09:13:34","date_gmt":"2025-05-29T09:13:34","guid":{"rendered":"https:\/\/estremsdesign.com\/new\/?page_id=4334"},"modified":"2025-05-29T09:14:22","modified_gmt":"2025-05-29T09:14:22","slug":"aviso-legal","status":"publish","type":"page","link":"https:\/\/estremsdesign.com\/new\/aviso-legal\/","title":{"rendered":"Aviso Legal"},"content":{"rendered":"\t\t<div data-elementor-type=\"wp-page\" data-elementor-id=\"4334\" class=\"elementor elementor-4334\" data-elementor-post-type=\"page\">\n\t\t\t\t\t\t<section class=\"elementor-section elementor-top-section elementor-element elementor-element-63010651 elementor-section-boxed elementor-section-height-default elementor-section-height-default\" data-id=\"63010651\" data-element_type=\"section\" data-e-type=\"section\">\n\t\t\t\t\t\t<div class=\"elementor-container elementor-column-gap-default\">\n\t\t\t\t\t<div class=\"elementor-column elementor-col-100 elementor-top-column elementor-element elementor-element-2e748982\" data-id=\"2e748982\" data-element_type=\"column\" data-e-type=\"column\">\n\t\t\t<div class=\"elementor-widget-wrap elementor-element-populated\">\n\t\t\t\t\t\t<div class=\"elementor-element elementor-element-499cb65e elementor-widget elementor-widget-text-editor\" data-id=\"499cb65e\" data-element_type=\"widget\" data-e-type=\"widget\" data-widget_type=\"text-editor.default\">\n\t\t\t\t<div class=\"elementor-widget-container\">\n\t\t\t\t\t\t\t\t\t\n<p data-start=\"321\" data-end=\"597\"><strong data-start=\"321\" data-end=\"342\">Titular de la web<\/strong>: Montserrat Estrems Maspoch<br data-start=\"370\" data-end=\"373\" \/><strong data-start=\"373\" data-end=\"386\">Direcci\u00f3n<\/strong>: Calle Alemania, 38, Local Izquierda, Matar\u00f3, 08303, Barcelona<br data-start=\"466\" data-end=\"469\" \/><strong data-start=\"469\" data-end=\"490\">Email de contacto<\/strong>: info@estremsdesign.com<br data-start=\"554\" data-end=\"557\" \/><strong data-start=\"557\" data-end=\"564\">Web<\/strong>: <a class=\"\" href=\"https:\/\/www.estremsdesign.com\" target=\"_new\" rel=\"noopener\" data-start=\"566\" data-end=\"595\">https:\/\/www.estremsdesign.com<\/a><\/p>\n<p data-start=\"599\" data-end=\"859\">En cumplimiento con el art\u00edculo 10 de la <strong data-start=\"640\" data-end=\"655\">Ley 34\/2002<\/strong>, de <strong data-start=\"660\" data-end=\"741\">Servicios de la Sociedad de la Informaci\u00f3n y de Comercio Electr\u00f3nico (LSSICE)<\/strong>, se informa que el presente sitio web es titularidad de <strong data-start=\"798\" data-end=\"828\">Montserrat Estrems Maspoch<\/strong> (en adelante, \u201cla titular\u201d).<\/p>\n<h3 class=\"wp-block-heading\" data-start=\"861\" data-end=\"885\">Condiciones de uso<\/h3>\n<p data-start=\"886\" data-end=\"1053\">El acceso a este sitio web le atribuye la condici\u00f3n de usuario, lo que implica la aceptaci\u00f3n plena y sin reservas de las disposiciones incluidas en este Aviso Legal.<\/p>\n<p data-start=\"1055\" data-end=\"1084\">El usuario se compromete a:<\/p>\n<ul data-start=\"1085\" data-end=\"1255\">\n<li data-start=\"1085\" data-end=\"1146\">\n<p data-start=\"1087\" data-end=\"1146\">No utilizar los contenidos con fines contrarios a la ley.<\/p>\n<\/li>\n<li data-start=\"1147\" data-end=\"1255\">\n<p data-start=\"1149\" data-end=\"1255\">No realizar actuaciones que da\u00f1en, inutilicen o deterioren el sitio web o impidan su normal utilizaci\u00f3n.<\/p>\n<\/li>\n<\/ul>\n<h3 data-start=\"1257\" data-end=\"1284\">Propiedad intelectual<\/h3>\n<p data-start=\"1285\" data-end=\"1561\">Todos los contenidos del sitio web (textos, fotograf\u00edas, im\u00e1genes, dise\u00f1os, logotipos, etc.) son propiedad de <strong data-start=\"1395\" data-end=\"1425\">Montserrat Estrems Maspoch<\/strong> o de terceros que han autorizado su uso. Queda prohibida su reproducci\u00f3n total o parcial sin el consentimiento expreso de la titular.<\/p>\n<h3 data-start=\"1563\" data-end=\"1595\">Legislaci\u00f3n y jurisdicci\u00f3n<\/h3>\n<p data-start=\"1596\" data-end=\"1810\">Este Aviso Legal se rige por la legislaci\u00f3n espa\u00f1ola. Las partes se someten a los <strong data-start=\"1678\" data-end=\"1744\">Juzgados y Tribunales de la ciudad de residencia de la titular<\/strong>, salvo lo previsto por la normativa en materia de consumidores.<\/p>\n<p data-start=\"1812\" data-end=\"1848\">\u00daltima actualizaci\u00f3n: <strong data-start=\"1834\" data-end=\"1848\">29\/05\/2025<\/strong><\/p>\n\t\t\t\t\t\t\t\t<\/div>\n\t\t\t\t<\/div>\n\t\t\t\t\t<\/div>\n\t\t<\/div>\n\t\t\t\t\t<\/div>\n\t\t<\/section>\n\t\t\t\t<\/div>\n\t\t","protected":false},"excerpt":{"rendered":"<p>Titular de la web: Montserrat Estrems MaspochDirecci\u00f3n: Calle Alemania, 38, Local Izquierda, Matar\u00f3, 08303, BarcelonaEmail de contacto: info@estremsdesign.comWeb: https:\/\/www.estremsdesign.com En cumplimiento con el art\u00edculo 10 de la Ley 34\/2002, de Servicios de la Sociedad de la Informaci\u00f3n y de Comercio Electr\u00f3nico (LSSICE), se informa que el presente sitio web es titularidad de Montserrat Estrems Maspoch [&hellip;]<\/p>\n","protected":false},"author":1,"featured_media":0,"parent":0,"menu_order":0,"comment_status":"closed","ping_status":"closed","template":"","meta":{"_monsterinsights_skip_tracking":false,"_monsterinsights_sitenote_active":false,"_monsterinsights_sitenote_note":"","_monsterinsights_sitenote_category":0,"_vp_format_video_url":"","_vp_image_focal_point":[],"footnotes":""},"class_list":["post-4334","page","type-page","status-publish","hentry"],"yoast_head":"<!-- This site is optimized with the Yoast SEO plugin v27.3 - https:\/\/yoast.com\/product\/yoast-seo-wordpress\/ -->\n<title>Aviso Legal - EstremsDesign<\/title>\n<meta name=\"robots\" content=\"index, follow, max-snippet:-1, max-image-preview:large, max-video-preview:-1\" \/>\n<link rel=\"canonical\" href=\"https:\/\/estremsdesign.com\/new\/aviso-legal\/\" \/>\n<meta property=\"og:locale\" content=\"es_ES\" \/>\n<meta property=\"og:type\" content=\"article\" \/>\n<meta property=\"og:title\" content=\"Aviso Legal - EstremsDesign\" \/>\n<meta property=\"og:description\" content=\"Titular de la web: Montserrat Estrems MaspochDirecci\u00f3n: Calle Alemania, 38, Local Izquierda, Matar\u00f3, 08303, BarcelonaEmail de contacto: info@estremsdesign.comWeb: https:\/\/www.estremsdesign.com En cumplimiento con el art\u00edculo 10 de la Ley 34\/2002, de Servicios de la Sociedad de la Informaci\u00f3n y de Comercio Electr\u00f3nico (LSSICE), se informa que el presente sitio web es titularidad de Montserrat Estrems Maspoch [&hellip;]\" \/>\n<meta property=\"og:url\" content=\"https:\/\/estremsdesign.com\/new\/aviso-legal\/\" \/>\n<meta property=\"og:site_name\" content=\"EstremsDesign\" \/>\n<meta property=\"article:modified_time\" content=\"2025-05-29T09:14:22+00:00\" \/>\n<meta name=\"twitter:card\" content=\"summary_large_image\" \/>\n<script type=\"application\/ld+json\" class=\"yoast-schema-graph\">{\"@context\":\"https:\\\/\\\/schema.org\",\"@graph\":[{\"@type\":\"WebPage\",\"@id\":\"https:\\\/\\\/estremsdesign.com\\\/new\\\/aviso-legal\\\/\",\"url\":\"https:\\\/\\\/estremsdesign.com\\\/new\\\/aviso-legal\\\/\",\"name\":\"Aviso Legal - EstremsDesign\",\"isPartOf\":{\"@id\":\"https:\\\/\\\/estremsdesign.com\\\/new\\\/#website\"},\"datePublished\":\"2025-05-29T09:13:34+00:00\",\"dateModified\":\"2025-05-29T09:14:22+00:00\",\"breadcrumb\":{\"@id\":\"https:\\\/\\\/estremsdesign.com\\\/new\\\/aviso-legal\\\/#breadcrumb\"},\"inLanguage\":\"es\",\"potentialAction\":[{\"@type\":\"ReadAction\",\"target\":[\"https:\\\/\\\/estremsdesign.com\\\/new\\\/aviso-legal\\\/\"]}]},{\"@type\":\"BreadcrumbList\",\"@id\":\"https:\\\/\\\/estremsdesign.com\\\/new\\\/aviso-legal\\\/#breadcrumb\",\"itemListElement\":[{\"@type\":\"ListItem\",\"position\":1,\"name\":\"Portada\",\"item\":\"https:\\\/\\\/estremsdesign.com\\\/new\\\/\"},{\"@type\":\"ListItem\",\"position\":2,\"name\":\"Aviso Legal\"}]},{\"@type\":\"WebSite\",\"@id\":\"https:\\\/\\\/estremsdesign.com\\\/new\\\/#website\",\"url\":\"https:\\\/\\\/estremsdesign.com\\\/new\\\/\",\"name\":\"EstremsDesign\",\"description\":\"Fotograf\u00eda y Dise\u00f1o Gr\u00e1fico en Matar\u00f3\",\"publisher\":{\"@id\":\"https:\\\/\\\/estremsdesign.com\\\/new\\\/#organization\"},\"potentialAction\":[{\"@type\":\"SearchAction\",\"target\":{\"@type\":\"EntryPoint\",\"urlTemplate\":\"https:\\\/\\\/estremsdesign.com\\\/new\\\/?s={search_term_string}\"},\"query-input\":{\"@type\":\"PropertyValueSpecification\",\"valueRequired\":true,\"valueName\":\"search_term_string\"}}],\"inLanguage\":\"es\"},{\"@type\":\"Organization\",\"@id\":\"https:\\\/\\\/estremsdesign.com\\\/new\\\/#organization\",\"name\":\"EstremsDesign\",\"url\":\"https:\\\/\\\/estremsdesign.com\\\/new\\\/\",\"logo\":{\"@type\":\"ImageObject\",\"inLanguage\":\"es\",\"@id\":\"https:\\\/\\\/estremsdesign.com\\\/new\\\/#\\\/schema\\\/logo\\\/image\\\/\",\"url\":\"https:\\\/\\\/estremsdesign.com\\\/new\\\/wp-content\\\/uploads\\\/2022\\\/04\\\/logobeige_menuweb.png\",\"contentUrl\":\"https:\\\/\\\/estremsdesign.com\\\/new\\\/wp-content\\\/uploads\\\/2022\\\/04\\\/logobeige_menuweb.png\",\"width\":2312,\"height\":1107,\"caption\":\"EstremsDesign\"},\"image\":{\"@id\":\"https:\\\/\\\/estremsdesign.com\\\/new\\\/#\\\/schema\\\/logo\\\/image\\\/\"}}]}<\/script>\n<!-- \/ Yoast SEO plugin. -->","yoast_head_json":{"title":"Aviso Legal - EstremsDesign","robots":{"index":"index","follow":"follow","max-snippet":"max-snippet:-1","max-image-preview":"max-image-preview:large","max-video-preview":"max-video-preview:-1"},"canonical":"https:\/\/estremsdesign.com\/new\/aviso-legal\/","og_locale":"es_ES","og_type":"article","og_title":"Aviso Legal - EstremsDesign","og_description":"Titular de la web: Montserrat Estrems MaspochDirecci\u00f3n: Calle Alemania, 38, Local Izquierda, Matar\u00f3, 08303, BarcelonaEmail de contacto: info@estremsdesign.comWeb: https:\/\/www.estremsdesign.com En cumplimiento con el art\u00edculo 10 de la Ley 34\/2002, de Servicios de la Sociedad de la Informaci\u00f3n y de Comercio Electr\u00f3nico (LSSICE), se informa que el presente sitio web es titularidad de Montserrat Estrems Maspoch [&hellip;]","og_url":"https:\/\/estremsdesign.com\/new\/aviso-legal\/","og_site_name":"EstremsDesign","article_modified_time":"2025-05-29T09:14:22+00:00","twitter_card":"summary_large_image","schema":{"@context":"https:\/\/schema.org","@graph":[{"@type":"WebPage","@id":"https:\/\/estremsdesign.com\/new\/aviso-legal\/","url":"https:\/\/estremsdesign.com\/new\/aviso-legal\/","name":"Aviso Legal - EstremsDesign","isPartOf":{"@id":"https:\/\/estremsdesign.com\/new\/#website"},"datePublished":"2025-05-29T09:13:34+00:00","dateModified":"2025-05-29T09:14:22+00:00","breadcrumb":{"@id":"https:\/\/estremsdesign.com\/new\/aviso-legal\/#breadcrumb"},"inLanguage":"es","potentialAction":[{"@type":"ReadAction","target":["https:\/\/estremsdesign.com\/new\/aviso-legal\/"]}]},{"@type":"BreadcrumbList","@id":"https:\/\/estremsdesign.com\/new\/aviso-legal\/#breadcrumb","itemListElement":[{"@type":"ListItem","position":1,"name":"Portada","item":"https:\/\/estremsdesign.com\/new\/"},{"@type":"ListItem","position":2,"name":"Aviso Legal"}]},{"@type":"WebSite","@id":"https:\/\/estremsdesign.com\/new\/#website","url":"https:\/\/estremsdesign.com\/new\/","name":"EstremsDesign","description":"Fotograf\u00eda y Dise\u00f1o Gr\u00e1fico en Matar\u00f3","publisher":{"@id":"https:\/\/estremsdesign.com\/new\/#organization"},"potentialAction":[{"@type":"SearchAction","target":{"@type":"EntryPoint","urlTemplate":"https:\/\/estremsdesign.com\/new\/?s={search_term_string}"},"query-input":{"@type":"PropertyValueSpecification","valueRequired":true,"valueName":"search_term_string"}}],"inLanguage":"es"},{"@type":"Organization","@id":"https:\/\/estremsdesign.com\/new\/#organization","name":"EstremsDesign","url":"https:\/\/estremsdesign.com\/new\/","logo":{"@type":"ImageObject","inLanguage":"es","@id":"https:\/\/estremsdesign.com\/new\/#\/schema\/logo\/image\/","url":"https:\/\/estremsdesign.com\/new\/wp-content\/uploads\/2022\/04\/logobeige_menuweb.png","contentUrl":"https:\/\/estremsdesign.com\/new\/wp-content\/uploads\/2022\/04\/logobeige_menuweb.png","width":2312,"height":1107,"caption":"EstremsDesign"},"image":{"@id":"https:\/\/estremsdesign.com\/new\/#\/schema\/logo\/image\/"}}]}},"_links":{"self":[{"href":"https:\/\/estremsdesign.com\/new\/wp-json\/wp\/v2\/pages\/4334","targetHints":{"allow":["GET"]}}],"collection":[{"href":"https:\/\/estremsdesign.com\/new\/wp-json\/wp\/v2\/pages"}],"about":[{"href":"https:\/\/estremsdesign.com\/new\/wp-json\/wp\/v2\/types\/page"}],"author":[{"embeddable":true,"href":"https:\/\/estremsdesign.com\/new\/wp-json\/wp\/v2\/users\/1"}],"replies":[{"embeddable":true,"href":"https:\/\/estremsdesign.com\/new\/wp-json\/wp\/v2\/comments?post=4334"}],"version-history":[{"count":4,"href":"https:\/\/estremsdesign.com\/new\/wp-json\/wp\/v2\/pages\/4334\/revisions"}],"predecessor-version":[{"id":4339,"href":"https:\/\/estremsdesign.com\/new\/wp-json\/wp\/v2\/pages\/4334\/revisions\/4339"}],"wp:attachment":[{"href":"https:\/\/estremsdesign.com\/new\/wp-json\/wp\/v2\/media?parent=4334"}],"curies":[{"name":"wp","href":"https:\/\/api.w.org\/{rel}","templated":true}]}}