{"id":4029,"date":"2024-12-02T14:45:25","date_gmt":"2024-12-02T14:45:25","guid":{"rendered":"https:\/\/estremsdesign.com\/new\/?page_id=4029"},"modified":"2025-05-29T09:12:28","modified_gmt":"2025-05-29T09:12:28","slug":"politica-de-cookies","status":"publish","type":"page","link":"https:\/\/estremsdesign.com\/new\/politica-de-cookies\/","title":{"rendered":"Pol\u00edtica de Cookies"},"content":{"rendered":"\t\t<div data-elementor-type=\"wp-page\" data-elementor-id=\"4029\" class=\"elementor elementor-4029\" data-elementor-post-type=\"page\">\n\t\t\t\t\t\t<section class=\"elementor-section elementor-top-section elementor-element elementor-element-48f335d8 elementor-section-boxed elementor-section-height-default elementor-section-height-default\" data-id=\"48f335d8\" data-element_type=\"section\" data-e-type=\"section\">\n\t\t\t\t\t\t<div class=\"elementor-container elementor-column-gap-default\">\n\t\t\t\t\t<div class=\"elementor-column elementor-col-100 elementor-top-column elementor-element elementor-element-65569e75\" data-id=\"65569e75\" data-element_type=\"column\" data-e-type=\"column\">\n\t\t\t<div class=\"elementor-widget-wrap elementor-element-populated\">\n\t\t\t\t\t\t<div class=\"elementor-element elementor-element-2bf2c665 elementor-widget__width-initial elementor-widget elementor-widget-text-editor\" data-id=\"2bf2c665\" data-element_type=\"widget\" data-e-type=\"widget\" data-widget_type=\"text-editor.default\">\n\t\t\t\t<div class=\"elementor-widget-container\">\n\t\t\t\t\t\t\t\t\t\n<div class=\"elementor-element elementor-element-723cea3 elementor-widget elementor-widget-heading\" data-id=\"723cea3\" data-element_type=\"widget\" data-widget_type=\"heading.default\">\n<div class=\"elementor-widget-container\">\n<h3 class=\"wp-block-heading\"><strong>Pol\u00edtica de Cookies de estremsdesign.com<\/strong><\/h3>\n<h4><strong>\u00bfQu\u00e9 son las cookies?<\/strong><\/h4>\n<p>Las cookies son peque\u00f1os archivos de texto que se almacenan en tu dispositivo (ordenador, smartphone, tablet, etc.) cuando visitas ciertas p\u00e1ginas web. Estas permiten que el sitio recuerde informaci\u00f3n sobre tu visita, como tus preferencias y configuraciones, para mejorar tu experiencia de navegaci\u00f3n.<\/p>\n<p>\u00a0<\/p>\n<hr \/>\n<h4><strong>\u00bfPor qu\u00e9 utilizamos cookies?<\/strong><\/h4>\n<p>En estremsdesign.com utilizamos cookies para los siguientes prop\u00f3sitos:<\/p>\n<ul>\n<li><strong>Mejorar la experiencia del usuario:<\/strong> Recordando tus preferencias y configuraciones.<\/li>\n<li><strong>An\u00e1lisis y estad\u00edsticas:<\/strong> Para entender c\u00f3mo los usuarios interact\u00faan con nuestra web y as\u00ed optimizar su funcionamiento.<\/li>\n<li><strong>Publicidad personalizada:<\/strong> Mostrar contenido relevante seg\u00fan tus intereses.<\/li>\n<li><strong>Seguridad:<\/strong> Ayudar a proteger tu informaci\u00f3n mientras navegas.<\/li>\n<\/ul>\n<p>\u00a0<\/p>\n<hr \/>\n<h4><strong>Tipos de cookies que utilizamos<\/strong><\/h4>\n<ol>\n<li>\n<p><strong>Cookies t\u00e9cnicas o necesarias:<\/strong> Estas cookies son esenciales para que nuestro sitio web funcione correctamente y no pueden ser desactivadas en nuestros sistemas.<br \/>Ejemplo: Gesti\u00f3n de inicio de sesi\u00f3n, carrito de compras, preferencias de idioma.<\/p>\n<\/li>\n<li>\n<p><strong>Cookies de preferencias:<\/strong> Permiten recordar tus configuraciones personales (como idioma o regi\u00f3n).<\/p>\n<\/li>\n<li>\n<p><strong>Cookies anal\u00edticas:<\/strong> Nos ayudan a recopilar datos estad\u00edsticos sobre el uso de la web para mejorar su funcionalidad.<br \/>Herramientas utilizadas: Google Analytics, etc.<\/p>\n<\/li>\n<li>\n<p><strong>Cookies publicitarias:<\/strong> Estas cookies se utilizan para mostrar anuncios relevantes para ti y tus intereses.<br \/>Herramientas utilizadas: Google Ads, Facebook Pixel, etc.<\/p>\n<\/li>\n<\/ol>\n<p>\u00a0<\/p>\n<hr \/>\n<h4><strong>Gesti\u00f3n de cookies<\/strong><\/h4>\n<p>En cualquier momento puedes gestionar tus preferencias de cookies. Tienes las siguientes opciones:<\/p>\n<ol>\n<li>\n<p><strong>Configurar cookies desde nuestro sitio web:<\/strong> En el banner de cookies podr\u00e1s aceptar, rechazar o personalizar las cookies que deseas activar.<\/p>\n<\/li>\n<li>\n<p><strong>Configurar cookies desde tu navegador:<\/strong> La mayor\u00eda de los navegadores permiten bloquear o eliminar cookies desde la configuraci\u00f3n. Aqu\u00ed tienes los enlaces a las instrucciones de los navegadores m\u00e1s comunes:<\/p>\n<ul>\n<li><a target=\"_new\" rel=\"noopener\">Google Chrome<\/a><\/li>\n<li><a href=\"https:\/\/support.mozilla.org\/es\/kb\/habilitar-y-deshabilitar-cookies\" target=\"_new\" rel=\"noopener\">Mozilla Firefox<\/a><\/li>\n<li><a href=\"https:\/\/support.apple.com\/es-es\/guide\/safari\/sfri11471\/mac\" target=\"_new\" rel=\"noopener\">Safari<\/a><\/li>\n<li><a href=\"https:\/\/support.microsoft.com\/es-es\/microsoft-edge\/borrar-cookies-en-microsoft-edge-63947406-40ac-c3b8-57b9-2a946a29ae09\" target=\"_new\" rel=\"noopener\">Microsoft Edge<\/a><\/li>\n<\/ul>\n<\/li>\n<\/ol>\n<p>\u00a0<\/p>\n<hr \/>\n<h4><strong>Cookies de terceros<\/strong><\/h4>\n<p>En estremsdesign.com, es posible que utilicemos servicios de terceros que instalen cookies en tu dispositivo. Estos servicios pueden incluir:<\/p>\n<ul>\n<li>Herramientas de an\u00e1lisis (como Google Analytics).<\/li>\n<li>Plataformas publicitarias (como Google Ads, Facebook, Instagram).<\/li>\n<li>Redes sociales (si incluyes botones de compartir o feeds integrados).<\/li>\n<\/ul>\n<p>Cada tercero tiene su propia pol\u00edtica de cookies, que puedes consultar directamente en sus respectivos sitios web.<\/p>\n<p>\u00a0<\/p>\n<\/div>\n<div class=\"elementor-widget-container\"><hr \/>\n<h4><strong>Consentimiento<\/strong><\/h4>\n<p>Al utilizar este sitio web, aceptas el uso de cookies tal y como se describe en esta pol\u00edtica, a menos que configures tu navegador o las opciones de cookies de nuestro sitio para bloquearlas.<\/p>\n<p>\u00a0<\/p>\n<hr \/>\n<h4><strong>Actualizaciones de nuestra Pol\u00edtica de Cookies<\/strong><\/h4>\n<p>Nos reservamos el derecho de actualizar esta Pol\u00edtica de Cookies en cualquier momento. Te recomendamos revisarla peri\u00f3dicamente para estar informado sobre c\u00f3mo utilizamos las cookies.<\/p>\n<p>\u00daltima actualizaci\u00f3n: 02\/12\/2024<\/p>\n<\/div>\n<\/div>\n\t\t\t\t\t\t\t\t<\/div>\n\t\t\t\t<\/div>\n\t\t\t\t\t<\/div>\n\t\t<\/div>\n\t\t\t\t\t<\/div>\n\t\t<\/section>\n\t\t\t\t<\/div>\n\t\t","protected":false},"excerpt":{"rendered":"<p>Pol\u00edtica de Cookies de estremsdesign.com \u00bfQu\u00e9 son las cookies? Las cookies son peque\u00f1os archivos de texto que se almacenan en tu dispositivo (ordenador, smartphone, tablet, etc.) cuando visitas ciertas p\u00e1ginas web. Estas permiten que el sitio recuerde informaci\u00f3n sobre tu visita, como tus preferencias y configuraciones, para mejorar tu experiencia de navegaci\u00f3n. \u00a0 \u00bfPor qu\u00e9 [&hellip;]<\/p>\n","protected":false},"author":1,"featured_media":0,"parent":0,"menu_order":0,"comment_status":"closed","ping_status":"closed","template":"","meta":{"_monsterinsights_skip_tracking":false,"_monsterinsights_sitenote_active":false,"_monsterinsights_sitenote_note":"","_monsterinsights_sitenote_category":0,"_vp_format_video_url":"","_vp_image_focal_point":[],"footnotes":""},"class_list":["post-4029","page","type-page","status-publish","hentry"],"yoast_head":"<!-- This site is optimized with the Yoast SEO plugin v27.3 - https:\/\/yoast.com\/product\/yoast-seo-wordpress\/ -->\n<title>Pol\u00edtica de Cookies - EstremsDesign<\/title>\n<meta name=\"robots\" content=\"index, follow, max-snippet:-1, max-image-preview:large, max-video-preview:-1\" \/>\n<link rel=\"canonical\" href=\"https:\/\/estremsdesign.com\/new\/politica-de-cookies\/\" \/>\n<meta property=\"og:locale\" content=\"es_ES\" \/>\n<meta property=\"og:type\" content=\"article\" \/>\n<meta property=\"og:title\" content=\"Pol\u00edtica de Cookies - EstremsDesign\" \/>\n<meta property=\"og:description\" content=\"Pol\u00edtica de Cookies de estremsdesign.com \u00bfQu\u00e9 son las cookies? Las cookies son peque\u00f1os archivos de texto que se almacenan en tu dispositivo (ordenador, smartphone, tablet, etc.) cuando visitas ciertas p\u00e1ginas web. Estas permiten que el sitio recuerde informaci\u00f3n sobre tu visita, como tus preferencias y configuraciones, para mejorar tu experiencia de navegaci\u00f3n. \u00a0 \u00bfPor qu\u00e9 [&hellip;]\" \/>\n<meta property=\"og:url\" content=\"https:\/\/estremsdesign.com\/new\/politica-de-cookies\/\" \/>\n<meta property=\"og:site_name\" content=\"EstremsDesign\" \/>\n<meta property=\"article:modified_time\" content=\"2025-05-29T09:12:28+00:00\" \/>\n<meta name=\"twitter:card\" content=\"summary_large_image\" \/>\n<script type=\"application\/ld+json\" class=\"yoast-schema-graph\">{\"@context\":\"https:\\\/\\\/schema.org\",\"@graph\":[{\"@type\":\"WebPage\",\"@id\":\"https:\\\/\\\/estremsdesign.com\\\/new\\\/politica-de-cookies\\\/\",\"url\":\"https:\\\/\\\/estremsdesign.com\\\/new\\\/politica-de-cookies\\\/\",\"name\":\"Pol\u00edtica de Cookies - EstremsDesign\",\"isPartOf\":{\"@id\":\"https:\\\/\\\/estremsdesign.com\\\/new\\\/#website\"},\"datePublished\":\"2024-12-02T14:45:25+00:00\",\"dateModified\":\"2025-05-29T09:12:28+00:00\",\"breadcrumb\":{\"@id\":\"https:\\\/\\\/estremsdesign.com\\\/new\\\/politica-de-cookies\\\/#breadcrumb\"},\"inLanguage\":\"es\",\"potentialAction\":[{\"@type\":\"ReadAction\",\"target\":[\"https:\\\/\\\/estremsdesign.com\\\/new\\\/politica-de-cookies\\\/\"]}]},{\"@type\":\"BreadcrumbList\",\"@id\":\"https:\\\/\\\/estremsdesign.com\\\/new\\\/politica-de-cookies\\\/#breadcrumb\",\"itemListElement\":[{\"@type\":\"ListItem\",\"position\":1,\"name\":\"Portada\",\"item\":\"https:\\\/\\\/estremsdesign.com\\\/new\\\/\"},{\"@type\":\"ListItem\",\"position\":2,\"name\":\"Pol\u00edtica de Cookies\"}]},{\"@type\":\"WebSite\",\"@id\":\"https:\\\/\\\/estremsdesign.com\\\/new\\\/#website\",\"url\":\"https:\\\/\\\/estremsdesign.com\\\/new\\\/\",\"name\":\"EstremsDesign\",\"description\":\"Fotograf\u00eda y Dise\u00f1o Gr\u00e1fico en Matar\u00f3\",\"publisher\":{\"@id\":\"https:\\\/\\\/estremsdesign.com\\\/new\\\/#organization\"},\"potentialAction\":[{\"@type\":\"SearchAction\",\"target\":{\"@type\":\"EntryPoint\",\"urlTemplate\":\"https:\\\/\\\/estremsdesign.com\\\/new\\\/?s={search_term_string}\"},\"query-input\":{\"@type\":\"PropertyValueSpecification\",\"valueRequired\":true,\"valueName\":\"search_term_string\"}}],\"inLanguage\":\"es\"},{\"@type\":\"Organization\",\"@id\":\"https:\\\/\\\/estremsdesign.com\\\/new\\\/#organization\",\"name\":\"EstremsDesign\",\"url\":\"https:\\\/\\\/estremsdesign.com\\\/new\\\/\",\"logo\":{\"@type\":\"ImageObject\",\"inLanguage\":\"es\",\"@id\":\"https:\\\/\\\/estremsdesign.com\\\/new\\\/#\\\/schema\\\/logo\\\/image\\\/\",\"url\":\"https:\\\/\\\/estremsdesign.com\\\/new\\\/wp-content\\\/uploads\\\/2022\\\/04\\\/logobeige_menuweb.png\",\"contentUrl\":\"https:\\\/\\\/estremsdesign.com\\\/new\\\/wp-content\\\/uploads\\\/2022\\\/04\\\/logobeige_menuweb.png\",\"width\":2312,\"height\":1107,\"caption\":\"EstremsDesign\"},\"image\":{\"@id\":\"https:\\\/\\\/estremsdesign.com\\\/new\\\/#\\\/schema\\\/logo\\\/image\\\/\"}}]}<\/script>\n<!-- \/ Yoast SEO plugin. -->","yoast_head_json":{"title":"Pol\u00edtica de Cookies - EstremsDesign","robots":{"index":"index","follow":"follow","max-snippet":"max-snippet:-1","max-image-preview":"max-image-preview:large","max-video-preview":"max-video-preview:-1"},"canonical":"https:\/\/estremsdesign.com\/new\/politica-de-cookies\/","og_locale":"es_ES","og_type":"article","og_title":"Pol\u00edtica de Cookies - EstremsDesign","og_description":"Pol\u00edtica de Cookies de estremsdesign.com \u00bfQu\u00e9 son las cookies? Las cookies son peque\u00f1os archivos de texto que se almacenan en tu dispositivo (ordenador, smartphone, tablet, etc.) cuando visitas ciertas p\u00e1ginas web. Estas permiten que el sitio recuerde informaci\u00f3n sobre tu visita, como tus preferencias y configuraciones, para mejorar tu experiencia de navegaci\u00f3n. \u00a0 \u00bfPor qu\u00e9 [&hellip;]","og_url":"https:\/\/estremsdesign.com\/new\/politica-de-cookies\/","og_site_name":"EstremsDesign","article_modified_time":"2025-05-29T09:12:28+00:00","twitter_card":"summary_large_image","schema":{"@context":"https:\/\/schema.org","@graph":[{"@type":"WebPage","@id":"https:\/\/estremsdesign.com\/new\/politica-de-cookies\/","url":"https:\/\/estremsdesign.com\/new\/politica-de-cookies\/","name":"Pol\u00edtica de Cookies - EstremsDesign","isPartOf":{"@id":"https:\/\/estremsdesign.com\/new\/#website"},"datePublished":"2024-12-02T14:45:25+00:00","dateModified":"2025-05-29T09:12:28+00:00","breadcrumb":{"@id":"https:\/\/estremsdesign.com\/new\/politica-de-cookies\/#breadcrumb"},"inLanguage":"es","potentialAction":[{"@type":"ReadAction","target":["https:\/\/estremsdesign.com\/new\/politica-de-cookies\/"]}]},{"@type":"BreadcrumbList","@id":"https:\/\/estremsdesign.com\/new\/politica-de-cookies\/#breadcrumb","itemListElement":[{"@type":"ListItem","position":1,"name":"Portada","item":"https:\/\/estremsdesign.com\/new\/"},{"@type":"ListItem","position":2,"name":"Pol\u00edtica de Cookies"}]},{"@type":"WebSite","@id":"https:\/\/estremsdesign.com\/new\/#website","url":"https:\/\/estremsdesign.com\/new\/","name":"EstremsDesign","description":"Fotograf\u00eda y Dise\u00f1o Gr\u00e1fico en Matar\u00f3","publisher":{"@id":"https:\/\/estremsdesign.com\/new\/#organization"},"potentialAction":[{"@type":"SearchAction","target":{"@type":"EntryPoint","urlTemplate":"https:\/\/estremsdesign.com\/new\/?s={search_term_string}"},"query-input":{"@type":"PropertyValueSpecification","valueRequired":true,"valueName":"search_term_string"}}],"inLanguage":"es"},{"@type":"Organization","@id":"https:\/\/estremsdesign.com\/new\/#organization","name":"EstremsDesign","url":"https:\/\/estremsdesign.com\/new\/","logo":{"@type":"ImageObject","inLanguage":"es","@id":"https:\/\/estremsdesign.com\/new\/#\/schema\/logo\/image\/","url":"https:\/\/estremsdesign.com\/new\/wp-content\/uploads\/2022\/04\/logobeige_menuweb.png","contentUrl":"https:\/\/estremsdesign.com\/new\/wp-content\/uploads\/2022\/04\/logobeige_menuweb.png","width":2312,"height":1107,"caption":"EstremsDesign"},"image":{"@id":"https:\/\/estremsdesign.com\/new\/#\/schema\/logo\/image\/"}}]}},"_links":{"self":[{"href":"https:\/\/estremsdesign.com\/new\/wp-json\/wp\/v2\/pages\/4029","targetHints":{"allow":["GET"]}}],"collection":[{"href":"https:\/\/estremsdesign.com\/new\/wp-json\/wp\/v2\/pages"}],"about":[{"href":"https:\/\/estremsdesign.com\/new\/wp-json\/wp\/v2\/types\/page"}],"author":[{"embeddable":true,"href":"https:\/\/estremsdesign.com\/new\/wp-json\/wp\/v2\/users\/1"}],"replies":[{"embeddable":true,"href":"https:\/\/estremsdesign.com\/new\/wp-json\/wp\/v2\/comments?post=4029"}],"version-history":[{"count":9,"href":"https:\/\/estremsdesign.com\/new\/wp-json\/wp\/v2\/pages\/4029\/revisions"}],"predecessor-version":[{"id":4333,"href":"https:\/\/estremsdesign.com\/new\/wp-json\/wp\/v2\/pages\/4029\/revisions\/4333"}],"wp:attachment":[{"href":"https:\/\/estremsdesign.com\/new\/wp-json\/wp\/v2\/media?parent=4029"}],"curies":[{"name":"wp","href":"https:\/\/api.w.org\/{rel}","templated":true}]}}